03
What are the prime factors of 75697?
59, 1283
What are the prime factors of 21564971?
2087, 10333
List the prime factors of 50484.
2, 3, 7, 601
List the prime factors of 14586683.
14586683
What are the prime factors of 27781?
13, 2137
What are the prime factors of 136600?
2, 5, 683
List the prime factors of 125528.
2, 13, 17, 71
List the prime factors of 23833983.
3, 17, 467333
List the prime factors of 209597.
209597
What are the prime factors of 602221?
602221
List the prime factors of 4406629.
167, 26387
List the prime factors of 1035307.
7, 13, 31, 367
List the prime factors of 30275.
5, 7, 173
List the prime factors of 137389.
7, 19, 1033
List the prime factors of 628680.
2, 3, 5, 13, 31
List the prime factors of 505795.
5, 101159
List the prime factors of 1470690.
2, 3, 5, 13, 419
What are the prime factors of 108905?
5, 23, 947
What are the prime factors of 438749?
271, 1619
List the prime factors of 10033187.
263, 38149
List the prime factors of 182564.
2, 45641
List the prime factors of 3131935.
5, 571, 1097
What are the prime factors of 13341703?
157, 84979
List the prime factors of 11848991.
7, 11, 37, 4159
List the prime factors of 1118196.
2, 3, 89, 349
List the prime factors of 878205.
3, 5, 127, 461
List the prime factors of 8479540.
2, 5, 423977
List the prime factors of 434021.
7, 62003
List the prime factors of 1125110.
2, 5, 7, 16073
What are the prime factors of 132779?
23, 251
List the prime factors of 1489406.
2, 53, 14051
List the prime factors of 9149909.
9149909
List the prime factors of 367467.
3, 122489
List the prime factors of 752528.
2, 7, 6719
List the prime factors of 1147454.
2, 7, 11, 7451
What are the prime factors of 680053?
11, 211, 293
What are the prime factors of 291048?
2, 3, 67, 181
List the prime factors of 1234131.
3, 97, 4241
List the prime factors of 1102897.
211, 5227
List the prime factors of 363701.
13, 101, 277
What are the prime factors of 156764?
2, 39191
What are the prime factors of 2450050?
2, 5, 19, 2579
What are the prime factors of 7847883?
3, 871987
What are the prime factors of 110407?
11, 10037
List the prime factors of 1639237.
53, 157, 197
What are the prime factors of 394825?
5, 17, 929
List the prime factors of 30684439.
17, 1307, 1381
What are the prime factors of 699503?
7, 99929
List the prime factors of 3488430.
2, 3, 5, 11, 31
List the prime factors of 36830.
2, 5, 29, 127
List the prime factors of 27113.
19, 1427
What are the prime factors of 7598235?
3, 5, 17, 83, 359
What are the prime factors of 3927930?
2, 3, 5, 311, 421
What are the prime factors of 207350?
2, 5, 11, 13, 29
What are the prime factors of 15056?
2, 941
List the prime factors of 33892111.
11, 37, 83273
What are the prime factors of 407889?
3, 15107
What are the prime factors of 2838767?
2838767
List the prime factors of 14430214.
2, 83, 86929
List the prime factors of 5974590.
2, 3, 5, 199153
What are the prime factors of 2584484?
2, 7, 241, 383
What are the prime factors of 1729020?
2, 3, 5, 28817
List the prime factors of 5985643.
43, 139201
List the prime factors of 754475.
5, 103, 293
What are the prime factors of 513368?
2, 64171
List the prime factors of 229290.
2, 3, 5, 7643
List the prime factors of 21240635.
5, 13, 326779
List the prime factors of 3977141.
7, 568163
List the prime factors of 776993.
7, 101, 157
List the prime factors of 768614.
2, 7, 11, 23, 31
List the prime factors of 5323946.
2, 353, 7541
List the prime factors of 1264609.
23, 54983
List the prime factors of 6651122.
2, 83, 103, 389
What are the prime factors of 869781?
3, 11, 26357
List the prime factors of 219205.
5, 7, 6263
What are the prime factors of 746364?
2, 3, 37, 41
List the prime factors of 13044817.
719, 18143
What are the prime factors of 12281324?
2, 11, 279121
What are the prime factors of 3789283?
17, 137, 1627
List the prime factors of 87424.
2, 683
What are the prime factors of 247121?
7, 43, 821
What are the prime factors of 2390865?
3, 5, 19, 8389
List the prime factors of 544187.
7, 17, 269
What are the prime factors of 647901?
3, 193, 373
What are the prime factors of 3317856?
2, 3, 17, 19, 107
What are the prime factors of 1645739?
43, 38273
What are the prime factors of 244618?
2, 11, 11119
What are the prime factors of 4243895?
5, 848779
List the prime factors of 315947.
139, 2273
List the prime factors of 2754568.
2, 344321
List the prime factors of 166675.
5, 59, 113
List the prime factors of 362428.
2, 11, 8237
What are the prime factors of 429335?
5, 17, 5051
List the prime factors of 4760056.
2, 7, 12143
What are the prime factors of 2025024?
2, 3, 53, 199
What are the prime factors of 1099117?
1099117
List the prime factors of 403330.
2, 5, 53, 761
What are the prime factors of 2098465?
5, 419693
What are the prime factors of 627328?
2, 13, 29
List the prime factors of 3703041.
3, 411449
List the prime factors of 26598483.
3, 985129
What are the prime factors of 1852753?
7, 61, 4339
What are the prime factors of 469751?
101, 4651
List the prime factors of 28350527.
19, 1492133
List the prime factors of 3091914.
2, 3, 7, 53, 463
What are the prime factors of 3387598?
2, 127, 13337
List the prime factors of 5530191.
3, 401, 4597
List the prime factors of 26547.
3, 8849
What are the prime factors of 185845?
5, 11, 31, 109
What are the prime factors of 1705692?
2, 3, 307, 463
What are the prime factors of 80769?
3, 13, 19, 109
List the prime factors of 1491355.
5, 71, 4201
What are the prime factors of 723051?
3, 7, 23, 499
What are the prime factors of 607152?
2, 3, 7, 13, 139
What are the prime factors of 3575637?
3, 13, 61, 167
What are the prime factors of 16002674?
2, 19, 421123
What are the prime factors of 880684?
2, 7, 71, 443
What are the prime factors of 931589?
19, 49031
List the prime factors of 177825.
3, 5, 2371
What are the prime factors of 361848?
2, 3, 15077
What are the prime factors of 12740713?
47, 271079
List the prime factors of 2552536.
2, 7, 19, 2399
What are the prime factors of 42217?
7, 37, 163
List the prime factors of 303942.
2, 3, 179, 283
List the prime factors of 21895410.
2, 3, 5, 19, 107, 359
What are the prime factors of 2290077?
3, 53, 4801
What are the prime factors of 759769?
227, 3347
What are the prime factors of 979623?
3, 89, 1223
What are the prime factors of 135386?
2, 139, 487
What are the prime factors of 3813152?
2, 7, 29, 587
What are the prime factors of 443133?
3, 53, 929
What are the prime factors of 48948?
2, 3, 4079
What are the prime factors of 5132711?
131, 39181
List the prime factors of 166833.
3, 37, 167
List the prime factors of 9101078.
2, 7, 61, 10657
List the prime factors of 2002794.
2, 3, 23, 631
What are the prime factors of 2535153?
3, 41, 20611
What are the prime factors of 2575089?
3, 11, 19, 37
List the prime factors of 1245333.
3, 415111
What are the prime factors of 1978166?
2, 19, 52057
List the prime factors of 939743.
7, 17, 53, 149
What are the prime factors of 231035?
5, 7, 23, 41
List the prime factors of 909395.
5, 239, 761
List the prime factors of 11045535.
3, 5, 736369
List the prime factors of 822470.
2, 5, 11, 7477
List the prime factors of 1315705.
5, 271, 971
List the prime factors of 1262734.
2, 11, 57397
What are the prime factors of 578746?
2, 7, 67, 617
What are the prime factors of 279277?
317, 881
What are the prime factors of 3772027?
7, 127, 4243
What are the prime factors of 440874?
2, 3, 7, 3499
What are the prime factors of 874925?
5, 79, 443
List the prime factors of 5988139.
5988139
What are the prime factors of 13396186?
2, 59, 107, 1061
List the prime factors of 3199821.
3, 113, 9439
What are the prime factors of 22949526?
2, 3, 3824921
List the prime factors of 17533054.
2, 7, 11, 257, 443
List the prime factors of 1235992.
2, 43, 3593
What are the prime factors of 181585?
5, 23, 1579
What are the prime factors of 35707?
7, 5101
What are the prime factors of 628741?
37, 16993
List the prime factors of 1059004.
2, 43, 47, 131
What are the prime factors of 6416859?
3, 29, 73757
List the prime factors of 39063.
3, 29, 449
List the prime factors of 1885159.
1885159
List the prime factors of 176370.
2, 3, 5, 5879
List the prime factors of 87461.
11, 7951
List the prime factors of 682792.
2, 11, 77